0 + (5 - (6 - (-2 - 7))).
27
-3 - -1 - -53 - (-3045 - -3044)
52
What is 17 + (1 + 18 - (2 + 10))?
24
What is the value of (48 - 1) + (-2 - (29 - 23) - (3 - 1))?
37
Calculate 15 + 0 + -163 + 170 + (-13 - -7).
16
Evaluate (-20 - -18) + -43 + 8 + 2 + -3.
-38
What is the value of (2422 - 2292) + (-3 - 206)?
-79
21 + (32 - 11) + -46
-4
Calculate -69 - (-102 - -136 - 210).
107
What is the value of -71 - (-41 - (26 + -48))?
-52
What is the value of -23 - (-21 - (39 - -10) - -10)?
37
Evaluate (-338 - -350) + (-28 - (-1 + -1)).
-14
What is 16 + (-1 - 28 - 0 - (394 - 377))?
-30
21 + (-56 - -28) - (-11 + -7)
11
What is the value of (-144 - -129) + (13 - -2) + (-15 - -13)?
-2
What is the value of -93 - (17 + -18) - -16 - (15 + (2 - 5))?
-88
1 + -16 + 1549 + -1582 + (-3 - (-13 + -1))
-37
2 - 2 - (22 + -3) - 3
-22
Calculate -8 + (13 - -10) - 7 - (0 + -8).
16
84 + (113 - 204) + (-2 + 49 - -2)
42
What is (1 + 0 - (15 - -15)) + (83 - 75)?
-21
Calculate -10455 + 10461 - (2 - (2 - (-2 - -19))).
-11
Evaluate 163 - 3 - (-131 + 236).
55
Evaluate (50 - (29 + -4)) + -75.
-50
Calculate (-2 - (21 + -41)) + (-13 - (125 - 5)).
-115
-25 + (-12 - (11 + -33) - (-5 - -3 - -17))
-30
What is -13 - (24 + (2 - (-16 - -15)) + -9)?
-31
What is -73 + 9 + 81 - (-26 - 0)?
43
54 + (-2 - 3) + (-13 - ((-52 - -10) + 18))
60
(-2 - (22 + -24)) + (23 - 22)
1
Calculate 17 + (40 + 3 - (2 + 19)).
39
(-207 - -112 - -87) + -110
-118
-13 + 2 + 10 + 27 + -68
-42
Calculate -75 + -31 - (253 - 318).
-41
What is the value of 0 + 13 + (32 - (-51 - -56))?
40
Calculate -126 - (-8 + -125 - -136).
-129
Calculate (135 + -13 - 6) + (50 - 51).
115
Calculate 37 + -1 + -17 - (-7 - (8 - 2)).
32
24 - -3 - ((23 - -4) + (29 - 63))
34
Evaluate -1 - -20 - (60 + -41 + (-5 - 0)).
5
What is the value of -451 - -455 - (1 + 27)?
-24
Evaluate -8 - (-2 + 26 - 14 - (2 - 0)).
-16
Calculate (4 + -1 - 10) + (189 - 162) - -12.
32
What is the value of (-964 - -861) + -4 + 4?
-103
Evaluate -200 + 309 - (177 - 3).
-65
Evaluate 19 + 28 + -78 + 37.
6
Calculate 26 - (16 + 1) - (6 - (1 + 4)).
8
Calculate -19 - ((-526 - -546) + (2 - 42)).
1
Evaluate -185 + 98 + (16 - (-18 - -1)).
-54
What is the value of 0 - (-30 + 2) - (-18 - (-58 - 1 - -35))?
22
(-3 - 17) + (73 - (0 - -36))
17
Calculate (0 - (-14 + -47 + 18)) + 1 + 3.
47
What is the value of (-23 - 0) + (-150 - -152) + -4 + 5 + 7?
-13
What is the value of 4 - (31 - 90) - (12 + 3)?
48
Calculate 674 + -672 + 1 + 22 + 25.
50
Calculate 8 + 32 + (203 - 216) - (3 + -21).
45
0 - 10 - (42 - (6 - (-1 - (7 + -5))))
-43
121 + -78 - 107 - ((2 - (3 + -1)) + 2)
-66
What is 16 + -29 + 23 + -1?
9
59 + (-86 - -13) - (1 - 2)
-13
Calculate -18 + (-2 - 18 - -33) - (-5 - -2).
-2
Evaluate 16 + 50 + -18 + -4 + 3 - (3 - 0).
44
What is -1 - (-136 + 128) - (0 - 17 - (-2 + 2))?
24
-9 + 10 + 10 + 8 + -21
-2
(-43 - (28 - 17)) + 50
-4
What is (-2 - -15 - (166 + -156)) + 3 - -12?
18
0 - 10 - (-9 + (3 - -4)) - (5 - -5)
-18
-2 + -7 + (71 - 45) + 19 - (-5 + 5)
36
Calculate -14 + 7 + -3 + (-13 + 0 - -13).
-10
What is (-31 - -37) + (-7 - -155) + (-9 - (-15 - -10))?
150
-3 - -62 - (-27 - (-46 + 15))
55
What is 80 - (-5 + -19 + 117)?
-13
Evaluate 29 + -24 + 16 - 23 - (-3 + -1).
2
2 + (-15 - (2 + -19 - -1) - 4) + 131
130
What is the value of -26 + (-132 - -126 - -32)?
0
Calculate 2 + (-1 + 6 - 1) + (3 + -22 - -44).
31
Evaluate 15 - (56 - -29 - (-54 - -40)).
-84
What is the value of (0 - (1 + -4)) + -300 + (201 - -51)?
-45
Evaluate -6 - (-1158 + 1058 + 0 + (17 - 2)).
79
What is the value of -67 - ((0 - -1) + (-2 - -16) + (-399 - -395))?
-78
What is the value of (139 - (166 - 13)) + (59 - 1)?
44
Calculate (5 - (-8 - (-13 - (-8 + 1)))) + -3 + -10.
-6
What is the value of 192 + -193 + (-1 - (-2 + 5 + 1)) + 42?
36
11 + (127 - 104 - 74)
-40
58 + 48 + -121 + 18
3
Calculate (-33 - -33) + (-15 - (11 + -26)).
0
Evaluate -56 - 62 - -92 - -141.
115
Calculate -30 - -70 - (-92 + 166).
-34
Calculate -32 - 4 - (-36 - (-82 - -34)).
-48
What is -9 + (-5 - -14) - -11 - 15?
-4
What is -56 - -3 - -4 - (-7 + 0 - 10 - -28)?
-60
What is 42 + -24 - -25 - 11?
32
What is 2 - (0 + -15 + 12 + 8) - (-24 - 2)?
23
Calculate -37 - ((23 - 38) + 20).
-42
What is the value of -154 + 158 - (-48 - (11 - ((2 - 5) + 7)))?
59
Calculate -8 + -1 + (7 - -4) + 0 + 1.
3
50 + -1 - ((13 - 0) + -41 + 57 + -25)
45
(12 - (-2 - (-4 - 8))) + (1 - -9)
12
Evaluate -7 - -18 - 20 - -18 - (-1 + -30).
40
What is 59 + -21 + -101 + 33?
-30
What is (22 - -5 - (-7 + 6 - 5)) + 3?
36
Calculate -45 + (-17 - -19) + (32 - 7).
-18
What is the value of (-57 - 1) + (-372 - -434)?
4
What is the value of 9 + -6 + 4 + 19 + 16 + 11?
53
105 - (-47 - -7 - -31 - (-14 - 7))
93
Evaluate -34 - (13 + 25 + -15 - 43).
-14
What is the value of (-28 - (-57 + 75)) + 39?
-7
What is the value of (-277 - -243) + (-14 - -4)?
-44
What is (-87 + 28 - (21 - 3)) + (9 + -5 - 7)?
-80
Evaluate (9 + -11 - (4 + 14 - -1)) + 47.
26
What is the value of 8 - ((14 - ((3 - -2) + -8 + 13)) + 88)?
-84
Calculate 38 + (-3 - -15) + (10 - 14 - -11) + -17.
40
Calculate -6 - (1933 + -1967 - (-1 - -14 - 0)).
41
53 + 33 + -104 + 30 + -11
1
-2 - ((-3 - -4) + 14) - (567 + -570)
-14
(-4 - -1) + (57 - (94 - 115))
75
What is -65 + -1 + (-6162 - -6210)?
-18
What is the value of -4 + 1 + (19 - (-16 - 5))?
37
Evaluate 13 + -4 + (-8 - -4) - 15 - 27.
-37
Evaluate 34 + -20 + (-29 - (4 + 31)).
-50
Calculate 18 - 2 - (38 - (143 - 81)).
40
What is (-10 + -13 - -95) + -54?
18
Evaluate -46 + 5 - (-90 + 35 + -16).
30
Calculate -41 + 39 + -5 + -3.
-10
-13 + (-40 - -57 - 13 - 34)
-43
Evaluate -45 + 2 - (-3810 + 3832).
-65
What is -1 + 33 + 6 + -103?
-65
Evaluate -6 + (24 - (-1 - -15)) + 1 + 1 + -20.
-14
Evaluate -60 + (18 + 5 + -11 + (-12 - -9) - 4).
-55
Evaluate -10 + (19 + -6 - 46 - 12).
-55
Evaluate 79 + -66 + -46 + -7 + -3.
-43
Evaluate (11 - -48) + -54 - (-5 + -3 + -2) - 8.
7
(2 + 3 + 4 + -7 - -59) + -7
54
What is the value of (-10 - 43) + 38 + 90?
75
Calculate (81 - 61) + (2 - 4 - 17) + -95.
-94
-11 - (-50 + (-4 - -1) + 114 + -109)
37
Evaluate -14 + 3 - ((12 - 0) + (-85 + 67 - 1)).
-4
Calculate 1 - -2 - (21 + -14 - -16 - 6).
-14
Evaluate 14 - (109 + -114 - (21 + 2 + 2)).
44
Evaluate -24 + 15 + -4 - -98 - 17 - -18.
86
Evaluate 9 + -14 - 4 - (0 + (36 - (-15 + 9))).
-51
What is the value of 4 - -4 - (42 - (56 - 52))?
-30
Evaluate -82 + (55 - (-20 - -46)).
-53
What is 1 + 39 + (10 + 69 - 27)?
92
Calculate -176 + 157 + -1 + 1 + (1 - -1).
-17
Evaluate -5 + 5 + -9 - 53 - (6 - 22).
-46
What is the value of (16 - -123 - 13) + -79?
47
What is the value of (-39 - ((-17 - -3) + -6)) + -38?
-57
Evaluate -4 + 4 + (2 - (-11 - 3) - 11).
5
Evaluate (-10 - 1) + (12 - (-32 - -49)).
-16
22 + -16 - -30 - (5 + -1 + 9)
23
What is 44 + -58 + -9 + 3 + 77?
57
What is the value of -25 - (-73 + 67 - -65)?
-84
51 + -58 + -2 + -1 + -3
-13
-2554 + 2546 - (18 - -3)
-29
What is the value of (-19 - 141) + 121 - (44 + 1)?
-84
Calculate -44 + (3 - (10 - 52)).
1
Calculate 25 + -48 + 84 + (0 + 2 - 9 - 0).
54
What is the value of 3 + 1 - (-5 + (23 - (-5 + -5)) - 17)?
-7
Calculate -15 - (-83 - (60 - 88)).
40
What is the value of (17 - 3 - 19) + -45 + 28?
-22
Evaluate 0 + -1 + 56 - (-10 + (-7 - 3) + 15).
60
Calculate -27 + 29 + -34 - (121 - 41).
-112
What is the value of -156 - (-150 + -6 + -79)?
79
What is (92 - -4) + (-17 - -35) + (-10 - -2) - -8?
114
What is 0 + 152 + (161 - 350 - -160)?
123
What is the value of -5 + (3 - (-5 + 9)) - (12 + -58 - 12)?
52
6 + -7 + 104 + (-26 - 50)
27
Calculate (-4 - (6 - 12)) + -78 + -3 + 5 + 14.
-60
(1242 - 1213) + 2 + -3 + 0 + 22
50
Evaluate -100 - (56 - 47 - (4 + 1 + (2 - 10))).
-112
What is the value of -10 + -21 + -1 - -88?
56
What is the value of 49 + (-8 - -4) + 422 + -423?
44
Evaluate (-4 - -4) + 3 + -193 + 180 + -52.
-62
What is (1 - (68 - 20)) + 72 + 113?
138
Calculate 0 - (53 + -29 + 33).
-57
Calculate 83 + -110 + 44 - 110.
-93
Evaluate 3 + (-23 - -2) + (-2416 - -2363).
-71
Calculate (-320 - -309) + (64 - -29 - (6 - 1)).
77
Evaluate 1221 + -1198 - (0 - -6).
17
Calculate (-1 - -26 - 15) + (10 - (-4 - -1)) + 1.
24
Evaluate -39 - -39 - (6 - (8 + -13 - 17)).
-28
What is (-3 - (26 + -25)) + 72 + -8?
60
What is 11 + -228 + 220 + -2 + 1?
2
Evaluate 53 - (-12 + (72 - -24)).
-31
Calculate -9 + (20 - (-42 - -12)).
41
What is the value of -16 + 17 + 